
-2
(1 - -15) + -63 + 54
7
3 + (1 - -3) + -12
-5
-9 - -7 - 1 - (-4 - 2)
3
What is the value of -1 + -3 + (-10 - -14)?
0
Evaluate 3 + 9 + -6 + -4.
2
Calculate 81 + -83 + 0 + -3.
-5
Calculate 4 + (-5 + 2 - 6).
-5
(2 - 16) + 8 - (-4 - 0)
-2
Evaluate -8 - -1 - (2 - 6).
-3
-3 - (-7 - -5 - -4)
-5
What is the value of -3 - (2 + -2 + (-5 - -1))?
1
What is 4 - (2 - (-3 - (-5 + 2)))?
2
What is the value of 2 - 8 - (-14 - -12)?
-4
Evaluate -1 + -2 - -12 - 4.
5
Evaluate -16 + 10 - (-13 - -3).
4
What is -23 + -9 + 18 - (-4 - 2)?
-8
What is the value of (-6 - (-4 + -3)) + -5 + 1?
-3
1 + 3 + -7 + -1 + 1
-3
Evaluate 4 + 0 + 7 + -7 + -11.
-7
(-2 + -1 - -3) + -4
-4
Evaluate 22 + (0 - (6 - -8)).
8
-3 - (-2 - (1 - 3))
-3
What is the value of 2 + 9 + 0 - 9?
2
Evaluate (23 - 30) + (0 - -16) + 1.
10
What is 1 + 1 + (-3 - -5) + -5?
-1
Evaluate -3 + 11 + -1 + -14.
-7
Evaluate 0 + -6 + (1 - (-7 - -3)).
-1
What is the value of 0 + 0 + -2 + (-4 - -2)?
-4
Evaluate (1 - 6) + (1 - -1).
-3
Evaluate (-4 + -4 - -7) + 0 + 0.
-1
What is the value of 0 + (4 + -2 - -5) + -8?
-1
44 + -49 - (-5 + 0)
0
What is (23 - 21) + 1 + -9?
-6
Evaluate -99 + 93 - (-3 - 0).
-3
What is 9 - ((-3 - (-3 - 2)) + 2)?
5
6 - (-4 - 5 - -14)
1
What is the value of 7 + -4 + -7 + 6?
2
Calculate -7 + (6 - (8 - 10)).
1
Evaluate (-5 - -5) + -1 + 2 + 1.
2
Evaluate -6 + (0 - (1 + 3)) + 4.
-6
13 - 2 - (38 + -23)
-4
What is the value of -3 - -20 - (0 + 6 + 2)?
9
What is -3 + -3 + 1 - -5?
0
Evaluate 140 + -141 + 1 + 10 + -1.
9
Calculate -1 - (2 + (6 - 0) + -2).
-7
8 - ((7 - 3) + 3)
1
(77 - 78) + -1 + 11
9
-9 - -9 - ((-2 - -3) + -2)
1
Calculate (1 - -2) + -6 + 6.
3
Calculate (34 - 34) + (-3 - 1).
-4
Evaluate -4 + (2 - (4 - 3)) + 2.
-1
(-8 - -8) + 1 - (7 - -1)
-7
What is -1 - ((1 - -2) + 4 + -8)?
0
-4 + (1 - (2 + 1)) + -2
-8
What is the value of 8 + -4 - (17 + -14)?
1
What is 5 - (-1 - -2) - (2 + 7)?
-5
What is (-77 - -91) + -6 + 0?
8
What is -16 + 2 - (-11 + 8) - -8?
-3
Calculate (-3 - (-1 - 9)) + -2.
5
Evaluate 4 + 3 + -4 + 1.
4
What is the value of 1 - (9 - (8 + -6))?
-6
What is 1 - 1 - ((13 - 21) + 11)?
-3
(-2 - -4 - 8) + 4
-2
What is the value of -7 + (-1 - 6 - -8)?
-6
Calculate 4 + (-15 - -7) - -1.
-3
What is the value of -7 + 1 + 12 - 12 - 0?
-6
Evaluate (12 - 11) + 0 + -7 + 2.
-4
What is the value of 3 - 1 - (2 - (4 + -7))?
-3
Evaluate 2 - 5 - (2 + 2 + -2).
-5
-7 + (15 - 1) - 5
2
What is the value of -5 - ((1 - 5) + 2)?
-3
Calculate 6 + -2 + -7 + (5 - -1).
3
-1 + 5 + 5 + -2
7
What is 4 - (1 + -7 + (40 - 30))?
0
What is 6 + -2 + -6 + 7?
5
What is the value of 7 + -1 + -13 + -1 + 5?
-3
What is (-1 - 0 - -8) + 7 + -17?
-3
What is 5 + -4 - ((4 - 3) + 2)?
-2
What is the value of -1 - (-4 + 6 - -1)?
-4
What is the value of (-4 + 11 - 6) + -3 + 6?
4
1 - (-3 + 3 + 5 + -5)
1
Calculate (2 - -2) + 3 + -4 + -4.
-1
74 + -80 - (0 - -1)
-7
Evaluate (14 - 15) + 0 + 4.
3
What is the value of 5 + -3 + 7 + (-6 - 0)?
3
What is the value of 3 - ((-2 - -8) + (-1 - -4))?
-6
What is (1 - (-5 + 2 + 9)) + 5?
0
Evaluate 2 - (1 - -1) - 1 - -2.
1
Calculate (-8 - -10 - -1) + (-2 - -1).
2
What is the value of (1 - 1 - 0) + 260 + -258?
2
Calculate 15 + -22 - (0 - 1 - 0).
-6
Evaluate -1 - 7 - (-8 + 5) - -2.
-3
-7 + (5 - -5) + -7
-4
What is 3 + -2 + (2 - (-1 - 0))?
4
What is 3 + 11 + -10 + (1 - 2)?
3
Calculate (2 - 3) + 3 + 0 - -2.
4
What is -1 - 1 - (15 + -17)?
0
What is -2 + -2 + -5 + 8 + 0?
-1
What is -2 + (11 - 7) - 6?
-4
What is the value of 7 + -1 - (-12 - -23 - 13)?
8
Evaluate -3 + (-8 - -4) + 2 - -3.
-2
What is the value of -55 + 52 - (-1 + -8)?
6
-14 + 15 + (-7 - 0)
-6
What is -14 + 6 + (2 - 1) + 0?
-7
(-2 - 0) + 0 + -1 - -10
7
What is the value of 4 + 0 - 7 - -8?
5
Calculate 10 - (-10 + 5 - -9) - 3.
3
Evaluate 6 - (-1 - 2 - -3).
6
Evaluate 6 + 3 + (-5 - (10 + -6)).
0
(-30 + 6 - -17) + (-1 - 2)
-10
What is the value of 7 - (6 + 2 + 2)?
-3
Evaluate (-1 - -4) + -2 + -2.
-1
What is the value of -3 + (5 - (0 - (6 - 4)))?
4
-4 - (-1 - 4 - (8 - 10))
-1
Evaluate 40 - 37 - (0 - 1).
4
What is the value of (1 + -1 + 4 - 4) + 0?
0
Evaluate (-2 - (4 + -2)) + 0.
-4
What is (11 - (-1 + 8)) + 0?
4
Evaluate 37 - 31 - (1 - -5) - 3.
-3
What is (-12 - -3) + (-3 + 5 - -2)?
-5
Calculate -3 - (3 - 5 - -2) - -8.
5
2 - 9 - (-4 - (-3 - -1))
-5
0 - (-8 + 5 + (-2 - -1))
4
-9 + (18 - 11) + 1
-1
-41 - -34 - (2 + -15)
6
2 - (3 + 1 - 3)
1
2 + (4 - 3) + -5
-2
What is -81 - -83 - (-4 + 2)?
4
What is (-2 - (9 + -4 - 0)) + 3?
-4
-14 - -23 - (8 + 4)
-3
What is -1 + -11 + 12 + 2?
2
Calculate -12 + 2 + 1 + 3.
-6
What is 1 + -2 + (1 + -1 - 6)?
-7
What is the value of 4 + -8 + 0 + -1?
-5
What is the value of 3 + 7 + (0 - 5)?
5
Evaluate (-32 - -32) + (-3 + 1 - -10).
8
Calculate (8 - 4) + -1 - (-5 + 4).
4
-1 - (4 + -3 - (-14 + 14))
-2
What is the value of 15 + -19 + 1 + 4 + 1?
2
Evaluate -8 + (3 - -2) - (-1 - 3).
1
What is the value of (0 - 0) + -14 + 14 - -5?
5
What is -14 + (2 - 5 - (23 - 34))?
-6
Evaluate 4 + 1 + 3 + -8.
0
Calculate -2 + -1 + 46 + -44.
-1
What is the value of -1 + (-1 + -2 + 3 - -4)?
3
Evaluate 0 - (8 + -8) - (-5 + 1).
4
What is 5 + 0 - ((6 - 23) + 23)?
-1
What is (-3 - -6) + 4 + -12 - 2?
-7
What is -4 + (4 - 3) + 7?
4
Calculate (-20 + 3 - -12) + 14.
9
(16 - 2) + (-15 - -8)
7
Evaluate 3 - (-3 + 1 + 0 - -10).
-5
(-1 - 5) + 29 + -29
-6
What is -2 + 0 - (-9 - -5) - -1?
3
Evaluate (-1 + 1 - 3) + (118 - 116).
-1
(0 - -7) + (-110 - -108)
5
-3 - ((-28 - -25) + -1 + -2)
3
What is the value of (-6 - -9) + (2 - 4)?
1
What is (2 - (9 - 4) - 0) + 0?
-3
What is the value of -18 + 16 - (4 + -1) - -3?
-2
What is 6 - 1 - (1 - -2 - -1)?
1
Calculate 42 + -46 - (3 - 2).
-5
Calculate 5 - (-4 - -4) - 2.
3
What is the value of -79 - -71 - (-15 + -2)?
9
What is the value of (240 - 245) + (0 - -4)?
-1
What is the value of 3 - -3 - (-2 + 9)?
-1
Calculate 3 - ((-5 - 0) + 7 - -4).
-3
Evaluate -1 + -9 + (-7 + 5 - -5).
-7
Evaluate 6 + 0 + -1 + -4.
1
What is the value of -1 - (-4 - (-13 - -6))?
-4
What is the value of 4 - 3 - 1 - 5 - -3?
-2
Calculate 4 - (3 - -9 - 3).
-5
What is the value of 15 - ((4 - -1) + 4)?
6
Evaluate -7 + 2 + 1 - -6.
2
What is the value of -5 - (-1 + (5 - 7))?
-2
What is -10 + -12 + 7 - -20?
5
1 - (7 + -12 + -1 + 7)
0
0 - (-3 - -1 - -2) - -2
2
Evaluate 5 + -13 + 1 + 3.
-4
Evaluate -13 + (-9 + 3 - -10).
-9
What is -5 + (-2 + 4 - -3)?
0
Calculate -14 - -5 - (0 - 3).
-6
Calculate -3 + 0 - (23 - 18).
-8
Calculate -2 + 2 - (-2 - (9 - 4)).
7
Calculate -8 - 2 - (-15 - -7) - -1.
-1
Evaluate -2 - (-9 + 4 - (-8 + 3)).
-2
-2 - (-1 + 3 + -1 + 2)
-5
What is (-4 - 18 - -10) + 5?
-7
Calculate 4 + (4 - 4) + -8 + 6.
2
What is -3 + 0 - (-11 - (-11 - -2))?
-1
What is 4 - (-4 + 0 + (-4 - -16))?
-4
What is the value of 11 + -23 + 6 - -4?
-2
What is (7 - 4) + -5 + (-3 - -3)?
-2
Calculate -6 + 13 + -6 - 1.
0
What is the value of 0 - (-1 - 10 - -2 - -4)?
5
Calculate (1 - 8 - -2) + 0 + 0.
-5
What is the value of -103 - -111 - (6 - -1)?
1
What is -1 - 3 - (6 + -8 + -1)?
-1
(11 - 1) + -12 - (-1 + 0)
-1
Calculate -9 + (3 - 2) + -5 + 9.
-4
What is 2 - (0 - -5 - (2 - 1))?
-2
Calculate (3 - 2) + 10 + -9.
2
What is -11 + 6 + 10 + -6?
-1
What is the value of -2 + -3 - -1 - 0 - -1?
-3
What is -2 + 3 + 0 + 2?
3
Calculate 2 + -4 + (2 - (2 + -2)).
0
Evaluate (-26 - -26) + (-1 - -4).
3
What is the value of -4 + (3 - (2 - 1 - 1))?
-1
What is the value of (-6 + -4 - -4) + (3 - -8)?
5
What is the value of -7 + 8 + -2 + 3?
2
(3 - (7 + 0 - 4)) + 4
4
Calculate -4 + 4 - (4 + 1).
-5
What is 0 - (-2 + -1) - (24 - 22)?
1
Evaluate 6 + (0 + -4 - -1).
3
Evaluate 7 + -3 + 2 + (1 - 6).
1
Calculate (-10 - -6) + 1 - 1.
-4
What is -4 - (-9 + 10) - (-1 + -2)?
-2
What is -1 - -1 - 7 - -5?
-2
Calculate -2 - (1 + -9 + 8) - -7.
5
What is -1 + -3 + 4 - (-1 - 0)?
1
Calculate -2 + 5 + -19 + 18.
2
Evaluate 1 - (1 + 12 + -6).
-6
What is 12 + (6 - 9) + -18?
-9
What is -6 + (9 - (10 + -8))?
1
What is -3 + (-8 - -2) + 4?
-5
What is (4 + (7 - 0) - 3) + -3?
5
Evaluate 0 - ((0 - 4) + 2).
2
What is -4 + 4 - (-5 - 1 - -4)?
2
9 - (-11 + 8 + 6 + 1)
5
Evaluate -5 - (-17 - (-4 - 2)).
6
(8 - -1) + 2 + -16
-5
Calculate 5 + 1 + 1 + (-2 - 4).
1
Calculate (-1 - -1) + 3 + 1.
4
4 + -5 + 3 + -6
-4
Evaluate -2 + 4 - (-2 + 5) - 4.
-5
Evaluate (11 - 6) + (0 + 1 - 3).
3
Calculate -9 + (1 - -2 - 0).
-6
Evaluate -4 - (7 + (-5 - (-2 - -7))).
-1
3 +